{"id":2,"date":"2008-12-16T01:02:29","date_gmt":"2008-12-16T03:02:29","guid":{"rendered":"http:\/\/www.blog.kadunew.com\/?page_id=2"},"modified":"2021-12-23T18:02:12","modified_gmt":"2021-12-23T21:02:12","slug":"carlos-eduardo","status":"publish","type":"page","link":"https:\/\/www.kadunew.com\/blog\/carlos-eduardo","title":{"rendered":"Autor"},"content":{"rendered":"\n<div class=\"wp-block-image size-full wp-image-487 img-autor\"><figure class=\"aligncenter\"><img decoding=\"async\" src=\"https:\/\/www.kadunew.com\/blog\/wp-content\/uploads\/2008\/12\/kadu.png\" alt=\"Carlos Eduardo - Kadu\" class=\"wp-image-487\"\/><figcaption>Kadu Oliveira<\/figcaption><\/figure><\/div>\n\n\n\n<ul class=\"autor wp-block-list\"><li><strong>Nome:<\/strong> Carlos Eduardo \u2013 Kadu<\/li><li><strong>Naturalidade:<\/strong> Porto Alegre \u2013 RS<\/li><li><strong>Forma\u00e7\u00e3o:<\/strong> Formado no Curso de Tecnologia em An\u00e1lise e Desenvolvimento de Sistemas \u2013 Senac RS<\/li><li><p><strong>Atividades: <\/strong>Trabalho com internet desde 2009. Nos \u00faltimos anos me especializei em t\u00e9cnicas de otimiza\u00e7\u00e3o de sites para Mecanismos de Busca: rastreamento, indexa\u00e7\u00e3o, fatores de classifica\u00e7\u00e3o, an\u00e1lise de concorr\u00eancia e evitar penalidades pelo n\u00e3o cumprimento das diretrizes do Google.<\/p> <p>Atualmente trabalhando como <em><abbr title=\"Search Engine Optimization\">SEO<\/abbr> Technical Specialist<\/em> na <a rel=\"nofollow noopener noreferrer\" href=\"https:\/\/cadastra.com\/pt\/\" target=\"_blank\"> Ag\u00eancia Cadastra<\/a>, pioneira no Brasil em otimiza\u00e7\u00e3o de sites, onde tenho a oportunidade de participar de projetos do Brasil e do Exterior.<\/p> <p>Contribuo regularmente compartilhando conhecimentos e experi\u00eancias no <a rel=\"noopener noreferrer\" href=\"https:\/\/support.google.com\/webmasters\/threads?hl=pt\" target=\"_blank\">F\u00f3rum de Ajuda do Google<\/a>, respondendo d\u00favidas sobre otimiza\u00e7\u00e3o de sites para mecanismos de busca.<\/p> <p>Trabalhei como Desenvolvedor Front End na <a rel=\"nofollow noopener noreferrer\" href=\"https:\/\/www.vitrio.com.br\" target=\"_blank\">V\u00edtrio<\/a> e tamb\u00e9m <a rel=\"nofollow noopener noreferrer\" href=\"http:\/\/www.pop3web.com.br\" target=\"_blank\">POP3 &#8211; Servi\u00e7os de Internet<\/a>, e como desenvolvedor Back End na Linea Comunica\u00e7\u00e3o, onde trabalhava diretamente com a linguagem <abbr title=\"Hypertext Preprocessor\">PHP<\/abbr>.<\/p> <p>Lecionei inform\u00e1tica b\u00e1sica (Pacote Office) e WebDesign na escola <a rel=\"nofollow noopener noreferrer\" href=\"https:\/\/www.microlins.com.br\/\" target=\"_blank\">Microlins<\/a> durante 7 anos. Respons\u00e1vel pela coordena\u00e7\u00e3o dos cursos de inform\u00e1tica, assim como respons\u00e1vel pelo desenvolvimento e manuten\u00e7\u00e3o do site da escola.<\/p> <p><strong>Expert Produtos Google (<a rel=\"nofollow noopener noreferrer\" href=\"https:\/\/productexperts.withgoogle.com\/directory\/51508465-1fa9-48ba-8312-78553bcff76b\" target=\"_blank\">Perfil<\/a>). <\/strong>Especialista em produtos Google.  Testar, avaliar e fornecer feedback sobre novos recursos, dispositivos, produtos e poss\u00edveis melhorias na documenta\u00e7\u00e3o de produtos.<\/p>Tamb\u00e9m contribuo nas Comunidades de Ajuda do Google respondendo d\u00favidas e dificuldades dos usu\u00e1rios sobre os seguintes produtos: <ul class=\"lh-0\" style=\"margin-top: 15px;\"><li><a rel=\"noopener noreferrer\" href=\"https:\/\/support.google.com\/webmasters\/threads?hl=pt-BR\" target=\"_blank\">Central da Pesquisa Google<\/a><\/li><li><a rel=\"noopener noreferrer\" href=\"https:\/\/support.google.com\/chrome\/threads?hl=pt-BR\" target=\"_blank\">Google Chrome<\/a><\/li><li><a rel=\"noopener noreferrer\" href=\"https:\/\/support.google.com\/websearch\/threads?hl=pt-BR\" target=\"_blank\">Pesquisa Google e Assistente<\/a> <\/li><\/ul><\/li><li><strong>Principais \u00e1reas de Interesse:<\/strong> <ul class=\"lh-0\"><li>Desenvolvimento Web;<\/li><li>Padr\u00f5es Web (<a rel=\"noopener noreferrer\" href=\"http:\/\/www.w3c.br\/Home\/WebHome\" target=\"_blank\">W3C<\/a>);<\/li><li>Otimiza\u00e7\u00e3o de sites (SEO);<\/li><li>User Experience (UX);<\/li><li>Performance Web;<\/li><li>Web Analytics. <\/li><\/ul><\/li><li><strong>Apresenta\u00e7\u00f5es:<\/strong> No meu <a rel=\"noopener noreferrer\" href=\"http:\/\/pt.slideshare.net\/CarlosEduardoOliveira2\" target=\"_blank\">Slideshare<\/a> voc\u00ea encontra algumas apresenta\u00e7\u00f5es que usei nos lugares por onde trabalhei.<\/li><li><strong>Entrevista:<\/strong> Mat\u00e9ria da Revista Wide onde fui convidado a escrever sobre <a rel=\"noopener noreferrer\" href=\"https:\/\/www.kadunew.com\/blog\/entrevista-carlos-eduardo.php\" target=\"_blank\">Template Smarty<\/a>.<\/li><li><strong>Site:<\/strong> <a title=\"kadunew.com\" rel=\"nofollow noopener noreferrer\" href=\"http:\/\/www.kadunew.com\" target=\"_blank\">kadunew.com<\/a><\/li><li><strong>Linkedin<\/strong>: <a rel=\"noopener noreferrer\" href=\"https:\/\/www.linkedin.com\/in\/kadunew\/\" target=\"_blank\">\/kadunew<\/a><\/li><li><strong>Hobbies:<\/strong> Sair com os amigos, jogar futebol, ler livros e revistas, escutar m\u00fasica eletr\u00f4nica, e claro, escrever artigos aqui no blog.<\/li><li><strong>D\u00favidas??:<\/strong> Mande um e-mail para <em>kadunew@gmail.com<\/em> e vamos conversar \ud83d\ude09 .<\/li><\/ul>\n","protected":false},"excerpt":{"rendered":"<p>Nome: Carlos Eduardo \u2013 Kadu Naturalidade: Porto Alegre \u2013 RS Forma\u00e7\u00e3o: Formado no Curso de Tecnologia em An\u00e1lise e Desenvolvimento de Sistemas \u2013 Senac RS Atividades: Trabalho com internet desde 2009. Nos \u00faltimos anos me especializei em t\u00e9cnicas de otimiza\u00e7\u00e3o de sites para Mecanismos de Busca: rastreamento, indexa\u00e7\u00e3o, fatores de classifica\u00e7\u00e3o, an\u00e1lise de concorr\u00eancia e [&hellip;]<\/p>\n","protected":false},"author":1,"featured_media":0,"parent":0,"menu_order":1,"comment_status":"open","ping_status":"closed","template":"","meta":{"footnotes":""},"class_list":["post-2","page","type-page","status-publish","hentry"],"yoast_head":"<!-- This site is optimized with the Yoast SEO plugin v23.6 - https:\/\/yoast.com\/wordpress\/plugins\/seo\/ -->\n<title>Kadu Oliveira - Desenvolvimento Web e Otimiza\u00e7\u00e3o de sites (SEO)<\/title>\n<meta name=\"description\" content=\"Meu nome \u00e9 Carlos Eduardo - Kadu mantenho esse blog com o intuito de escrever artigos e dicas sobre Web Design. Confira!\" \/>\n<meta name=\"robots\" content=\"index, follow, max-snippet:-1, max-image-preview:large, max-video-preview:-1\" \/>\n<link rel=\"canonical\" href=\"https:\/\/www.kadunew.com\/blog\/carlos-eduardo\" \/>\n<meta property=\"og:locale\" content=\"pt_BR\" \/>\n<meta property=\"og:type\" content=\"article\" \/>\n<meta property=\"og:title\" content=\"Kadu Oliveira - Desenvolvimento Web e Otimiza\u00e7\u00e3o de sites (SEO)\" \/>\n<meta property=\"og:description\" content=\"Meu nome \u00e9 Carlos Eduardo - Kadu mantenho esse blog com o intuito de escrever artigos e dicas sobre Web Design. Confira!\" \/>\n<meta property=\"og:url\" content=\"https:\/\/www.kadunew.com\/blog\/carlos-eduardo\" \/>\n<meta property=\"og:site_name\" content=\"KADUNEW\" \/>\n<meta property=\"article:modified_time\" content=\"2021-12-23T21:02:12+00:00\" \/>\n<meta property=\"og:image\" content=\"https:\/\/www.kadunew.com\/blog\/wp-content\/uploads\/2008\/12\/kadu.png\" \/>\n<meta name=\"twitter:label1\" content=\"Est. tempo de leitura\" \/>\n\t<meta name=\"twitter:data1\" content=\"2 minutos\" \/>\n<script type=\"application\/ld+json\" class=\"yoast-schema-graph\">{\"@context\":\"https:\/\/schema.org\",\"@graph\":[{\"@type\":\"WebPage\",\"@id\":\"https:\/\/www.kadunew.com\/blog\/carlos-eduardo\",\"url\":\"https:\/\/www.kadunew.com\/blog\/carlos-eduardo\",\"name\":\"Kadu Oliveira - Desenvolvimento Web e Otimiza\u00e7\u00e3o de sites (SEO)\",\"isPartOf\":{\"@id\":\"https:\/\/www.kadunew.com\/blog\/#website\"},\"primaryImageOfPage\":{\"@id\":\"https:\/\/www.kadunew.com\/blog\/carlos-eduardo#primaryimage\"},\"image\":{\"@id\":\"https:\/\/www.kadunew.com\/blog\/carlos-eduardo#primaryimage\"},\"thumbnailUrl\":\"https:\/\/www.kadunew.com\/blog\/wp-content\/uploads\/2008\/12\/kadu.png\",\"datePublished\":\"2008-12-16T03:02:29+00:00\",\"dateModified\":\"2021-12-23T21:02:12+00:00\",\"description\":\"Meu nome \u00e9 Carlos Eduardo - Kadu mantenho esse blog com o intuito de escrever artigos e dicas sobre Web Design. Confira!\",\"breadcrumb\":{\"@id\":\"https:\/\/www.kadunew.com\/blog\/carlos-eduardo#breadcrumb\"},\"inLanguage\":\"pt-BR\",\"potentialAction\":[{\"@type\":\"ReadAction\",\"target\":[\"https:\/\/www.kadunew.com\/blog\/carlos-eduardo\"]}]},{\"@type\":\"ImageObject\",\"inLanguage\":\"pt-BR\",\"@id\":\"https:\/\/www.kadunew.com\/blog\/carlos-eduardo#primaryimage\",\"url\":\"https:\/\/www.kadunew.com\/blog\/wp-content\/uploads\/2008\/12\/kadu.png\",\"contentUrl\":\"https:\/\/www.kadunew.com\/blog\/wp-content\/uploads\/2008\/12\/kadu.png\"},{\"@type\":\"BreadcrumbList\",\"@id\":\"https:\/\/www.kadunew.com\/blog\/carlos-eduardo#breadcrumb\",\"itemListElement\":[{\"@type\":\"ListItem\",\"position\":1,\"name\":\"Home\",\"item\":\"https:\/\/www.kadunew.com\/blog\"},{\"@type\":\"ListItem\",\"position\":2,\"name\":\"Autor\"}]},{\"@type\":\"WebSite\",\"@id\":\"https:\/\/www.kadunew.com\/blog\/#website\",\"url\":\"https:\/\/www.kadunew.com\/blog\/\",\"name\":\"KADUNEW\",\"description\":\"Artigos sobre Front-End e Programa\u00e7\u00e3o web\",\"potentialAction\":[{\"@type\":\"SearchAction\",\"target\":{\"@type\":\"EntryPoint\",\"urlTemplate\":\"https:\/\/www.kadunew.com\/blog\/?s={search_term_string}\"},\"query-input\":{\"@type\":\"PropertyValueSpecification\",\"valueRequired\":true,\"valueName\":\"search_term_string\"}}],\"inLanguage\":\"pt-BR\"}]}<\/script>\n<!-- \/ Yoast SEO plugin. -->","yoast_head_json":{"title":"Kadu Oliveira - Desenvolvimento Web e Otimiza\u00e7\u00e3o de sites (SEO)","description":"Meu nome \u00e9 Carlos Eduardo - Kadu mantenho esse blog com o intuito de escrever artigos e dicas sobre Web Design. Confira!","robots":{"index":"index","follow":"follow","max-snippet":"max-snippet:-1","max-image-preview":"max-image-preview:large","max-video-preview":"max-video-preview:-1"},"canonical":"https:\/\/www.kadunew.com\/blog\/carlos-eduardo","og_locale":"pt_BR","og_type":"article","og_title":"Kadu Oliveira - Desenvolvimento Web e Otimiza\u00e7\u00e3o de sites (SEO)","og_description":"Meu nome \u00e9 Carlos Eduardo - Kadu mantenho esse blog com o intuito de escrever artigos e dicas sobre Web Design. Confira!","og_url":"https:\/\/www.kadunew.com\/blog\/carlos-eduardo","og_site_name":"KADUNEW","article_modified_time":"2021-12-23T21:02:12+00:00","og_image":[{"url":"https:\/\/www.kadunew.com\/blog\/wp-content\/uploads\/2008\/12\/kadu.png"}],"twitter_misc":{"Est. tempo de leitura":"2 minutos"},"schema":{"@context":"https:\/\/schema.org","@graph":[{"@type":"WebPage","@id":"https:\/\/www.kadunew.com\/blog\/carlos-eduardo","url":"https:\/\/www.kadunew.com\/blog\/carlos-eduardo","name":"Kadu Oliveira - Desenvolvimento Web e Otimiza\u00e7\u00e3o de sites (SEO)","isPartOf":{"@id":"https:\/\/www.kadunew.com\/blog\/#website"},"primaryImageOfPage":{"@id":"https:\/\/www.kadunew.com\/blog\/carlos-eduardo#primaryimage"},"image":{"@id":"https:\/\/www.kadunew.com\/blog\/carlos-eduardo#primaryimage"},"thumbnailUrl":"https:\/\/www.kadunew.com\/blog\/wp-content\/uploads\/2008\/12\/kadu.png","datePublished":"2008-12-16T03:02:29+00:00","dateModified":"2021-12-23T21:02:12+00:00","description":"Meu nome \u00e9 Carlos Eduardo - Kadu mantenho esse blog com o intuito de escrever artigos e dicas sobre Web Design. Confira!","breadcrumb":{"@id":"https:\/\/www.kadunew.com\/blog\/carlos-eduardo#breadcrumb"},"inLanguage":"pt-BR","potentialAction":[{"@type":"ReadAction","target":["https:\/\/www.kadunew.com\/blog\/carlos-eduardo"]}]},{"@type":"ImageObject","inLanguage":"pt-BR","@id":"https:\/\/www.kadunew.com\/blog\/carlos-eduardo#primaryimage","url":"https:\/\/www.kadunew.com\/blog\/wp-content\/uploads\/2008\/12\/kadu.png","contentUrl":"https:\/\/www.kadunew.com\/blog\/wp-content\/uploads\/2008\/12\/kadu.png"},{"@type":"BreadcrumbList","@id":"https:\/\/www.kadunew.com\/blog\/carlos-eduardo#breadcrumb","itemListElement":[{"@type":"ListItem","position":1,"name":"Home","item":"https:\/\/www.kadunew.com\/blog"},{"@type":"ListItem","position":2,"name":"Autor"}]},{"@type":"WebSite","@id":"https:\/\/www.kadunew.com\/blog\/#website","url":"https:\/\/www.kadunew.com\/blog\/","name":"KADUNEW","description":"Artigos sobre Front-End e Programa\u00e7\u00e3o web","potentialAction":[{"@type":"SearchAction","target":{"@type":"EntryPoint","urlTemplate":"https:\/\/www.kadunew.com\/blog\/?s={search_term_string}"},"query-input":{"@type":"PropertyValueSpecification","valueRequired":true,"valueName":"search_term_string"}}],"inLanguage":"pt-BR"}]}},"_links":{"self":[{"href":"https:\/\/www.kadunew.com\/blog\/wp-json\/wp\/v2\/pages\/2"}],"collection":[{"href":"https:\/\/www.kadunew.com\/blog\/wp-json\/wp\/v2\/pages"}],"about":[{"href":"https:\/\/www.kadunew.com\/blog\/wp-json\/wp\/v2\/types\/page"}],"author":[{"embeddable":true,"href":"https:\/\/www.kadunew.com\/blog\/wp-json\/wp\/v2\/users\/1"}],"replies":[{"embeddable":true,"href":"https:\/\/www.kadunew.com\/blog\/wp-json\/wp\/v2\/comments?post=2"}],"version-history":[{"count":136,"href":"https:\/\/www.kadunew.com\/blog\/wp-json\/wp\/v2\/pages\/2\/revisions"}],"predecessor-version":[{"id":4527,"href":"https:\/\/www.kadunew.com\/blog\/wp-json\/wp\/v2\/pages\/2\/revisions\/4527"}],"wp:attachment":[{"href":"https:\/\/www.kadunew.com\/blog\/wp-json\/wp\/v2\/media?parent=2"}],"curies":[{"name":"wp","href":"https:\/\/api.w.org\/{rel}","templated":true}]}}